s digit of l?
1
Suppose -3*i = -5*q + 51, -3*q + 27 - 8 = 4*i. Let v = q - 1. Suppose 5*z - v = 3*z, 0 = -2*c + 2*z - 2. What is the units digit of c?
3
Suppose o - 8 = -2*w + 5, 0 = 4*o - 4*w - 112. What is the tens digit of o?
2
Let q = 103 - 66. What is the tens digit of q?
3
Let j(m) = -m**2 + 70. What is the tens digit of j(0)?
7
Let s = 9 - 0. Let v = 67 + -1. What is the tens digit of (-6)/(-4)*v/s?
1
Let l(b) = -b**2 - 4*b - 3. Let m be l(-4). What is the units digit of (63/(-35))/(m/10)?
6
Suppose -2*h + 54 = 4*u - 52, -h - 5*u = -65. What is the units digit of h?
5
Let z(i) = -2*i. Let v be z(-1). Suppose -v*m + 21 = -3. What is the tens digit of m?
1
Let q = 4 - 0. Let v be -1 - 1*(-3 + 1). Let x = v + q. What is the units digit of x?
5
What is the units digit of 24/(4 + 15/(-5))?
4
Let d = 38 + -11. What is the tens digit of d?
2
Let i = -3 - -27. Suppose 3*g = 7*g. Suppose -6*n + 3*n + i = g. What is the units digit of n?
8
Suppose -11*v + 9*v = 8. Let b(z) be the third derivative of -z**5/60 - z**4/3 - z**3/6 - 2*z**2. What is the units digit of b(v)?
5
Let w = 45 - 4. Suppose -g = 2*p - 32, -w = -2*p + 2*g + 3. What is the tens digit of p?
1
Suppose 0 = 2*a + a - 12. Suppose -n - a*n = -250. What is the tens digit of n?
5
Suppose 0 = -2*h - 19 + 103. What is the units digit of h?
2
Let j = -11 + 35. Suppose 2*r + 5*q = 9, -4*q - j = -3*r - 8*q. What is the units digit of r?
2
Suppose 0 = f + 5, 4*v - 212 = 4*f - 0*f. What is the tens digit of v?
4
Let a = 153 - 103. What is the units digit of a?
0
Suppose -s + 68 = 3*s. Let a = -9 + s. What is the units digit of 16/10 + a/20?
2
Let x = 33 - -64. What is the units digit of x?
7
Let d(s) = s**3 - 4*s**2 + 5*s + 1. Let j be d(5). Suppose -j - 18 = -3*i. Suppose -i = -2*h - 5. What is the units digit of h?
9
Let r = -64 - -228. What is the hundreds digit of r?
1
Let o = -1 + 7. Let t be 15/o - 1/(-2). Suppose -5 = -2*d - t. What is the units digit of d?
1
Let t(d) = 2*d - 11. What is the units digit of t(6)?
1
Suppose 0*r - 61 = -4*r + 3*f, -5*f + 11 = 2*r. What is the tens digit of r?
1
Let c(n) = 2*n - 4. Let b be c(5). Let w = -54 - -56. Let a = b - w. What is the units digit of a?
4
Let x(q) = -q**3 + 4*q**2 + 7*q - 1. Suppose 0 = 2*v - 4 - 0. Let j = v + 3. What is the units digit of x(j)?
9
Let k = 93 - 39. What is the tens digit of k?
5
Suppose -2*c - 16 = 4. Let y = c - -32. What is the tens digit of y?
2
Let s be 22/(-6) + 2/3. Let o be (36/(-21))/(s/21). Let a = o + -5. What is the units digit of a?
7
Let c(v) = 2*v - 6. Let l be c(0). What is the tens digit of ((-9)/2)/(l/40)?
3
What is the tens digit of 3*1 + 66 + 13?
8
Let g(d) = -2*d**2 - 3*d + 2. Let p be g(1). What is the tens digit of (p - -2)/((-2)/74)?
3
Let i(a) = a**2 + 5*a + 4. Let v be i(-3). What is the units digit of v*(3 + (-36)/8)?
3
Let p(b) = -5*b + 0*b**2 + 5 + b**2 - b + b. What is the units digit of p(5)?
5
Suppose j - 15 + 1 = -4*l, 3*j - 3*l = 57. Suppose -4*f + j = -f. Suppose c + 4 = 3*o + 19, -4*o - f = c. What is the units digit of c?
6
Let w(c) be the second derivative of c**7/1260 - c**6/144 - c**5/24 + c**4/4 + c. Let z(k) be the third derivative of w(k). What is the tens digit of z(5)?
2
Let f = 16 - 0. What is the tens digit of f?
1
Let d(i) = i**2 - 6*i - 2. What is the units digit of d(-5)?
3
Suppose 10 = w - 8. What is the tens digit of w?
1
What is the units digit of 6*5/10 + 4?
7
Suppose -5*j + 13 = -2. Suppose j*a + 13 = 5*g - 0*g, 0 = -2*g - 2*a + 2. What is the units digit of g?
2
Let h(r) = -2*r - 3. Suppose 2*x - 7 = 3*x. Let u = 4 + x. What is the units digit of h(u)?
3
Let y(w) = w**3 + 7*w**2 + 7*w - 2. Let s be y(-6). Let q = -3 - s. Let f = q + -4. What is the units digit of f?
1
Let d(n) = -5*n - 9. What is the tens digit of d(-4)?
1
Let p be 0/(-2 - -3) - 2. What is the units digit of p - (1 - (16 - 3))?
0
Let g be -2*-1*(-23)/(-2). Suppose 4*y - c + 38 = 0, c + 3 - g = 2*y. Let w(r) = -r**3 - 10*r**2 - 11*r - 9. What is the units digit of w(y)?
9
Suppose 4*f = -5*c + 8, 3*c - 2*f = -5*f + 6. Suppose c = -w + 18 - 6. What is the units digit of w?
2
Suppose -12 = -k + 5*k. Let f be 2/k + 178/6. Suppose d = 2*v - 6*v + f, 2*d = 4*v - 38. What is the units digit of v?
8
Suppose -d + 6*d = 5. What is the units digit of d*(-3 + 0) + 7?
4
Suppose 15 + 13 = -4*d. Let h = 13 + d. What is the units digit of h?
6
Suppose 121 + 128 = 3*m. What is the tens digit of m?
8
Let x be -1 + -1 - (-9 - 0). Let p(n) = 5*n**2 - 4 + 8 - 7*n - 4*n**2. What is the units digit of p(x)?
4
Let c = -10 + 18. Let d be c/12*3/2. Let j = d - -1. What is the units digit of j?
2
Let d(h) = h**3 + 13*h**2 + h + 7. Let s(x) = -x**2. Let z(q) = -d(q) - 6*s(q). Let b be z(-7). What is the units digit of b - 0 - (-9)/3?
3
Let g = -66 + 214. What is the hundreds digit of g?
1
Suppose 3*j = -0*j + 99. What is the tens digit of j?
3
Suppose 1 = -3*i + v, 0*i + 3*i = -5*v + 23. Let r be 5*i/(-10)*-38. Suppose 3*h = r + 17. What is the tens digit of h?
1
What is the hundreds digit of 175 + -1 + 11 + -9?
1
Let y(a) = -a**2 + 4*a. Let m be y(2). Suppose -7 = -h + m. What is the units digit of h?
1
Let u(a) = -a - 7. Let x be u(-7). What is the tens digit of (-7 - x)*(-50)/35?
1
Suppose -7*w = -10*w + 18. Suppose 0 = w*m - 3*m - 63. What is the tens digit of m?
2
What is the tens digit of 1815/27 - (-9)/((-81)/2)?
6
Suppose 58 = 5*y - 2*s, 2*y - 5*s = -3*y + 55. What is the units digit of 4/y - (-64)/6?
1
Let i be (0 + 0)*(-1)/1. Let j = i - -17. Let k = 24 - j. What is the units digit of k?
7
Let p be 68/(-18) - (-2)/(-9). What is the units digit of p/(-3)*(-90)/(-4)?
0
Let m(x) be the second derivative of x**4/4 + 2*x**3/3 - 2*x**2 + x. What is the units digit of m(2)?
6
Let u(c) = 136*c**2 + c + 3. What is the units digit of u(-1)?
8
What is the units digit of 17/(-34)*(0 - 102)?
1
Suppose 3*q + 2 + 10 = -2*z, -3*q = -2*z - 24. Let x be (-4)/(-10) - (-32)/(-5). Let j = x - z. What is the units digit of j?
3
Suppose -3*d + 0*s + 24 = s, -4*d - 5*s = -43. What is the units digit of d?
7
Suppose p = 24 - 2. What is the units digit of (-363)/p*8/(-3)?
4
Suppose -4*m + p = 1, 3*m + 6*p - 4 = 2*p. Let y = -1 + 7. Suppose m*b - 2*b = -y. What is the units digit of b?
3
Suppose -5*t - 4*s - 366 = 0, 2*t = 5*t - s + 223. Let p = t - -113. What is the units digit of p?
9
What is the tens digit of (-45 + 1)/(13/(-26))?
8
Let g(r) = r + 1. Let z(i) = 2*i + 2. Let j be z(5). What is the tens digit of g(j)?
1
Suppose 5*f - 5*r - 5 = 0, -4*r + 0*r = -5*f + 8. Suppose f*y = 3*y. Suppose y = -4*x + 9 + 39. What is the units digit of x?
2
Suppose 0 = 3*v + 15, 2*q = -5*v + 612 - 215. What is the tens digit of q?
1
Suppose -2*g = -0*g + 5*o - 419, 0 = 2*o - 2. What is the units digit of g?
7
Let d be 2/4*0/4. Suppose 4*w = -d*w. Let a = w + 2. What is the units digit of a?
2
Let g(f) = f**2 - 7*f + 4. Let r be (-4)/26 - 372/(-52). What is the units digit of g(r)?
4
Suppose -2*o - 1 + 11 = 0. Suppose w - k - 9 = 0, -o*k - 9 = -3*w + 8. What is the units digit of w?
4
Suppose 0 = c + t - 1 - 0, -35 = -3*c + 5*t. Let o = -3 - -13. What is the units digit of 57/c - 4/o?
1
Let w be (-11)/(-3) - 8/12. Suppose w*b - 59 = 7. What is the units digit of b?
2
Let j = 16 + -11. Let w = j - 8. Let l(d) = -2*d - 4. What is the units digit of l(w)?
2
Let b = -1 - -3. Let n(q) = -5*q + 9. Let i(k) = -3*k + 6. Let d(x) = 7*i(x) - 5*n(x). What is the units digit of d(b)?
5
Let p = 15 - -14. What is the units digit of p?
9
Let o(n) = 6*n + 8. What is the tens digit of o(10)?
6
Let k = 4 - 6. Let p be ((-1)/k)/((-3)/(-18)). Suppose f = -0*f + p. What is the units digit of f?
3
Let j(b) = 4*b - 12. Suppose -4*m = -6*m + 16. What is the tens digit of j(m)?
2
Let d = -41 - -131. What is the tens digit of d?
9
Let m = 75 + -115. Let r = 76 + m. What is the units digit of r?
6
Let m(d) = -d**2 - 38*d + 65. What is the hundreds digit of m(-28)?
3
Suppose n = -4, -3*j = -0*j + 3*n + 9. Let v be (-26)/((j - -3)/2). Let o = v + 18. What is the units digit of o?
5
Let o = 29 - -146. What is the tens digit of o?
7
Let g(t) = 2*t**2 + 7*t - 1. Suppose 11 - 1 = -2*p. What is the tens digit of g(p)?
1
Suppose -274 + 822 = 4*q + 4*a, -5*q = 4*a - 680. What is the h